ide r?
False
Let y = -355 + 360. Let u = 7 - 3. Suppose 0 = u*q - y*z - 636, 2*q - 5*z - 518 + 210 = 0. Is q a multiple of 55?
False
Let r = -148 - -288. Let l = r - 111. Is l a multiple of 2?
False
Let a = 79 + -135. Let f = 322 + a. Is f a multiple of 38?
True
Let t be (2 - (-1 + -15))*6/18. Suppose 8*z + t = -10. Is 22 a factor of 110/((z - -4) + -1)?
True
Suppose 3*b - 654 = 3*m, 4*b - 5*b = -5*m - 214. Suppose 9*u - b = 60. Is u even?
False
Let z = 6389 - 5053. Is 167 a factor of z?
True
Suppose -v - 2*m + 3194 = 0, 3*v = -m + 8007 + 1580. Is v a multiple of 4?
True
Suppose 0 = -3*z, x - 2158 = 31*z - 27*z. Suppose -9*k + x = 4*k. Does 20 divide k?
False
Let p(k) = k**3 + 58*k**2 + 105*k + 11. Is p(-56) a multiple of 34?
False
Let c = -1721 + 5007. Is 62 a factor of c?
True
Let w(n) = n**3 - 3*n**2 - 2*n - 8. Let t be w(4). Suppose t = -c + 14 + 701. Suppose -5*x + 434 = 3*s - 3*x, c = 5*s - 5*x. Is s a multiple of 15?
False
Suppose -8*y - 292 + 340 = 0. Suppose 0 = -y*s + 242 + 2674. Does 6 divide s?
True
Let r(o) = -o**2 - 12*o + 5. Let y = -56 - -83. Suppose 4*j - j + y = 0. Is 2 a factor of r(j)?
True
Does 19 divide (3 + 27/2)*(9078/18 + 11)?
False
Let n = 8055 + -5291. Is 8 a factor of n?
False
Suppose 2*i = l + 1111, 1067 + 98 = 2*i + 5*l. Does 14 divide i?
True
Suppose 5*p - 5689 - 12066 = 0. Let g = p - 1965. Does 63 divide g?
False
Is (-337140)/(-70) + (-2)/7 a multiple of 16?
True
Let x be (-6)/9 - (-2)/3. Suppose 3*j - h = 3*h - 88, -5*j + h - 141 = x. Let t = 2 - j. Does 6 divide t?
True
Suppose -56*p + 3047 = -38393. Does 20 divide p?
True
Does 56 divide 5830 - ((-15)/(-3) + 5/5)?
True
Let h(b) = b**3 + 5*b**2 + 21*b + 289. Is h(26) a multiple of 10?
False
Let s = 251 - -565. Suppose 0*o + 2*o = s. Does 8 divide o?
True
Let m be 1/2 + ((-21)/(-6) - 4). Suppose m = 3*s - w - 4 + 13, 2*s - 5*w = 7. Is s + 6 + -3 - -22 a multiple of 3?
True
Suppose 0 = -3*u - 5*z + 23, 0 = -4*u - 0*u + z. Suppose 4*h = -u + 13. Is -1 + (h - 3) - -31 a multiple of 9?
False
Let d(r) = 50*r**2 - 3*r + 1. Let l be d(2). Suppose 8*p - 46 = -15*p. Suppose -p*y - y = -l. Is 13 a factor of y?
True
Suppose 40 = 4*j + 5*q, -5*q = -3*j + 8*j - 45. Suppose 355 + 200 = j*z. Is 10 a factor of z?
False
Suppose 5*i + 7*i = 192. Does 5 divide 404/10 - i/40?
True
Suppose -3*k + 6 = -3*n, 2*k - 7 = 5*n - 3. Suppose -v - k*z = 2*v - 750, -4*v + 5*z + 1023 = 0. Is v a multiple of 12?
True
Let o = -3029 + 18824. Does 15 divide o?
True
Suppose -5*p - 78016 - 25491 = -2*t, p = -5*t + 258808. Is 26 a factor of t?
False
Let m = 16 + 18. Suppose 0 = -36*x + m*x + 20. Is x a multiple of 10?
True
Let s(f) = f**3 - 8*f**2 - 6*f - 8. Suppose 5*a - 2*x - 20 = -0*x, -4*a = -5*x - 33. Suppose -b = a*l - 7, -3*b = -l - 12 - 16. Is s(b) a multiple of 12?
False
Suppose -20 = t - 13. Let z(b) = b**3 + 8*b**2 + 2*b - 17. Does 17 divide z(t)?
False
Suppose 5*a - 9081 = -3*s + 27825, 3*a + s - 22142 = 0. Is 20 a factor of a?
True
Let x(p) = p**3 + 13*p**2 + 4*p - 8. Let w be x(-13). Let q = -58 - w. Suppose 3*v + 2*v + 58 = l, -q*l + v = -152. Is l a multiple of 13?
True
Let c = -214 + 317. Suppose -j = -5*x - c, -397 = -2*j - 2*j + 5*x. Does 12 divide j?
False
Suppose 237*b = -89*b + 8179263 + 3447201. Is b a multiple of 33?
False
Let v(z) = -z**2 - 9*z - 3. Let n be v(-10). Let f(c) = 2*c + 12. Let o be f(-7). Does 16 divide o + (-1)/(-1) - (-97 + n)?
False
Let c be (117/9)/(2/(-12)*-3). Suppose 4864 - 1510 = c*p. Does 15 divide p?
False
Suppose -5*i + 143745 = 5*r, -5*i + 97*r - 95*r + 143759 = 0. Is i a multiple of 17?
False
Let o(u) = 3*u**2 - u - 2. Let l be o(-5). Let a be (5 + 1)*4/((-384)/(-224)). Let n = l - a. Is 8 a factor of n?
True
Let b(v) = 6*v**3 - 13*v**2 + 15*v - 11. Let i be b(4). Suppose 2*r - 4*z - i = 199, -209 = -r - z. Is 6 a factor of r?
True
Let j(q) be the first derivative of 2*q**3/3 - 37*q**2/2 + 6*q - 138. Does 18 divide j(24)?
True
Let y(m) = 385*m + 2077. Does 52 divide y(15)?
True
Let q(a) = -a + 24. Let t be q(23). Is 20 a factor of t/((-63)/(-23114)) + (-3)/(-27)?
False
Let d = -52 - -37. Let r = -28 - d. Is 9 a factor of 8*1/(-2) - r?
True
Let k(c) = -c**3 - 6*c**2 + 18*c + 17. Suppose -5*p + v = 21 + 24, 0 = 3*p - 5*v + 27. Is 45 a factor of k(p)?
False
Let y(z) be the second derivative of 5*z**3/3 - 7*z**2/2 - 5*z + 3. Is 33 a factor of y(4)?
True
Is 114 a factor of (-3)/((-20)/(-15) - 1) - -24291?
True
Let w be (46 + -46)/(2*1). Suppose w = 21*f - 2*f - 27265. Is f a multiple of 35?
True
Suppose -8*l + 11*l = 4*p + 6884, 5*l + p = 11504. Is 22 a factor of l?
False
Suppose -4*f = -0*f + 2*s - 442, 4*s = f - 115. Is f/(-296) - 1734/(-16) a multiple of 4?
True
Let a = -3566 + 3639. Is a a multiple of 15?
False
Let l = 7401 - 1005. Is 79 a factor of l?
False
Suppose -4*b + 63950 = 15*b + 14284. Is 33 a factor of b?
False
Is 46 a factor of -1679*17/(-51)*18?
True
Suppose -7*s + 340 = -12*s. Let a = -64 - s. Suppose -a*u - 268 = -1068. Is 10 a factor of u?
True
Let z = -2007 - -2005. Suppose -3*c - 3*q = -6*c, 0 = -c + 3*q + 2. Is 2197/13 + (c - 0)*z a multiple of 11?
False
Suppose -13432 = -4*q + 2*f, 2*q - 34*f = -37*f + 6708. Is q a multiple of 10?
False
Let a(u) = -u**3 + 93*u**2 - 392*u + 419. Is a(87) a multiple of 44?
False
Suppose 409*i = 404*i + 11160. Is 186 a factor of i?
True
Is 46 a factor of 40/4 - (-10277)/43?
False
Suppose 2*p + 2*c - 150 = -2*c, c = p - 63. Let i = -54 + p. Is i a multiple of 2?
False
Let k = 1742 + -1350. Is k a multiple of 98?
True
Let o = 7799 + -5303. Is 16 a factor of o?
True
Suppose 18*j - 23739 - 26661 = 0. Is j a multiple of 56?
True
Let v = -17527 - -21176. Is v a multiple of 110?
False
Let x(h) = -h**3 + 5*h**2 - 11*h + 5. Let o be x(5). Let c = 25 - o. Suppose -315 + c = -4*a. Is 14 a factor of a?
False
Let o = -350 + 805. Let t = -12 + 27. Does 4 divide (-12)/t*o/(-14)?
False
Suppose -168*l + 37*l + 1570422 = 138*l. Does 14 divide l?
True
Suppose 3*s + 6 = -3*m, 3*m = 5*m + s + 9. Let v = 19 - m. Is 2 a factor of v?
True
Let f(r) = 87*r**2 - 28*r - 33. Is f(6) a multiple of 8?
False
Let d = 122 - 232. Let z = 109 + d. Does 17 divide z/(-3) + (-2155)/(-15)?
False
Let f = 110934 + -78744. Is f a multiple of 5?
True
Suppose -4*k = 286 + 514. Let n = k - -431. Suppose -5*f - 4*m = -f - 276, -5*m - n = -3*f. Is f a multiple of 5?
False
Let b(v) = v**2 - 9*v + 21. Let i be b(5). Is 11 a factor of ((-1179)/(-27))/(35/30 - i)?
False
Suppose -3*s - 2*a = -51948, -34*a + 34632 = 2*s - 32*a. Is 117 a factor of s?
True
Let q = -3604 + 3787. Is q a multiple of 2?
False
Let m = -1628 - -4224. Is 44 a factor of m?
True
Suppose 0 = -5*f - 2*i + 48571, -4*i + 9707 = 4*f - 3*f. Does 145 divide f?
True
Let i(q) = q**3 - 14*q**2 - 28*q + 38. Let u be i(20). Suppose -2*s - u = -4*o, 4*o - 1031 - 865 = -4*s. Does 14 divide o?
False
Suppose -2*t - 56*f + 3471 = -61*f, -4*f - 6960 = -4*t. Does 16 divide t?
False
Suppose -2*u = -u + 1. Let f = -21 - u. Is 9 a factor of 996/10 - (2 - (-28)/f)?
True
Does 7 divide (12 + 481/(-52))*1348?
False
Suppose -4*x = -60*j + 61*j - 38, -x + 4*j + 18 = 0. Is 6 a factor of x?
False
Let x(s) = -s**2 - 15*s + 64. Let u be x(-18). Let t(g) = g**3 - g**2 + 13*g - 32. Is t(u) a multiple of 27?
False
Let w be (-2 - -2 - -477)/(10 + -9). Let t = -337 + w. Is 15 a factor of t?
False
Let a be 1*(0 - 1) + (-42)/2. Is a/(-2*5/60) a multiple of 12?
True
Let b = -20 - -17. Let j(s) = -4*s**2 + 2*s + 3. Let f be j(b). Let k = -18 - f. Is k a multiple of 12?
False
Let m(a) = -a**2 - 7*a + 8. Let q be m(-7). Let b be (1 - -136)*5/(-5). Let i = q - b. Does 28 divide i?
False
Suppose -3*u + 428 = 3*f + 107, -3*f = -2*u - 341. Let l(k) = 16*k**2 + 4*k - 3. Let w be l(2). Suppose -2*v + f = -w. Does 35 divide v?
False
Suppose 2*q + 2*n + 2*n = 2, -4*q - 5*n + 10 = 0. Suppose 0*a = a - q. Suppose 3*b - 8 = a*b, g + 4*b + 10 = 0. Is g even?
True
Let q(r) = 2*r + 48. Let u = -20 + 23. Suppose u = -7*d + 3. Does 12 divide q(d)?
True
Let l be 4/(5 + -1)*33. Let j(h) = 4*h - 2. Let q be j(13). Let t = l + q. Is t a multiple of 29?
False
Let q = 98 + -93. Suppose 8*f - 3*f - 551 = -2*i, 0 = -q*f + 2*i + 559. Is 22 a factor of f?
False
Let u(w) = -w**3 - 2*w**2 - w + 15. Let z(v) = -v**3 - v**2 + 15. Let k(p) = -2*u(p)